{"id":415,"date":"2020-03-12T13:44:46","date_gmt":"2020-03-12T12:44:46","guid":{"rendered":"http:\/\/alteridees.be\/?page_id=415"},"modified":"2020-03-14T21:37:27","modified_gmt":"2020-03-14T20:37:27","slug":"mediation-familiale","status":"publish","type":"page","link":"https:\/\/alteridees.be\/index.php\/mediation-familiale\/","title":{"rendered":"M\u00e9diation familiale"},"content":{"rendered":"\n<h2 class=\"wp-block-heading\">Qu&rsquo;est-ce que la m\u00e9diation familiale ? <\/h2>\n\n\n\n<p>La m\u00e9diation familiale a pour but de&nbsp;<strong>r\u00e9tablir la communication<\/strong>&nbsp;avec l\u2019aide d\u2019une tierce personne, le m\u00e9diateur.&nbsp;<\/p>\n\n\n\n<p>Elle peut permettre&nbsp;:<\/p>\n\n\n\n<ul class=\"wp-block-list\"><li>de faire na\u00eetre ou rena\u00eetre un lien;<\/li><li>de mettre en place des accords pour mieux vivre la fin d\u2019une relation.<\/li><\/ul>\n\n\n\n<h2 class=\"wp-block-heading\">Qui peut venir en m\u00e9diation familiale? <\/h2>\n\n\n\n<p>La m\u00e9diation familiale est une d\u00e9marche <strong>libre et volontaire<\/strong> qui peut se faire avec toute personne qui souhaite r\u00e9tablir la communication ou r\u00e9soudre un conflit qui a trait \u00e0 la sph\u00e8re familiale : <\/p>\n\n\n\n<ul class=\"wp-block-list\"><li><strong>les membres d\u2019une famille<\/strong> : \u00e9quipe ou couple parental, fratries, adolescents, enfants, grands-parents, etc. <\/li><li><strong>les couples<\/strong> : qui sont ensemble, s\u00e9par\u00e9s, en processus de s\u00e9paration ou en instance de divorce.<\/li><\/ul>\n\n\n\n<h2 class=\"wp-block-heading\">Exemples de situations trait\u00e9es<\/h2>\n\n\n\n<ul class=\"wp-block-list\"><li>Un couple vit une s\u00e9paration et ne trouve pas d\u2019accord concernant les modalit\u00e9s du&nbsp;<strong>divorce<\/strong>&nbsp;;<\/li><li>Des parents divorc\u00e9s aimeraient reconstruire le&nbsp;<strong>lien avec leur adolescent&nbsp;<\/strong>avec lequel la communication est difficile&nbsp;;<\/li><li>Des parents ne sont plus d\u2019accord pour la&nbsp;<strong>garde des enfants<\/strong>&nbsp;durant les vacances. Ils sont tous deux originaires de pays diff\u00e9rents et veulent y passer suffisamment de temps en famille en \u00e9t\u00e9&nbsp;;<\/li><li>Suite \u00e0 l\u2019arriv\u00e9e impr\u00e9vue d\u2019une grossesse, un couple est en d\u00e9saccord quant \u00e0 la&nbsp;<strong>d\u00e9cision<\/strong>&nbsp;\u00e0 prendre&nbsp;;&nbsp;<\/li><li>Un&nbsp;<strong>fr\u00e8re et une s\u0153ur adolescents<\/strong>&nbsp;se disputent r\u00e9guli\u00e8rement de mani\u00e8re tr\u00e8s violente et leur m\u00e8re aimerait r\u00e9tablir le dialogue entre eux&nbsp;;<\/li><li>Une dame souhaite&nbsp;<strong>revoir son petit-fils<\/strong>, avec lequel elle a perdu contact suite \u00e0 une dispute avec son beau-fils&nbsp;;<\/li><li>Lors d\u2019une&nbsp;<strong>succession<\/strong>, les 4 enfants du d\u00e9funt n\u2019arrivent pas \u00e0 se mettre d\u2019accord sur la r\u00e9partition de la maison familiale&nbsp;;<\/li><li><strong>\u2026<\/strong><\/li><\/ul>\n","protected":false},"excerpt":{"rendered":"<p>Qu&rsquo;est-ce que la m\u00e9diation familiale ? La m\u00e9diation familiale a pour but de&nbsp;r\u00e9tablir la communication&nbsp;avec l\u2019aide d\u2019une tierce personne, le m\u00e9diateur.&nbsp; Elle peut permettre&nbsp;: de faire na\u00eetre ou rena\u00eetre un lien; de mettre en place des accords pour mieux vivre la fin d\u2019une relation. Qui peut venir en m\u00e9diation familiale? La m\u00e9diation familiale est une &hellip;<\/p>\n","protected":false},"author":1,"featured_media":0,"parent":0,"menu_order":0,"comment_status":"closed","ping_status":"closed","template":"","meta":{"footnotes":""},"class_list":["post-415","page","type-page","status-publish","hentry"],"_links":{"self":[{"href":"https:\/\/alteridees.be\/index.php\/wp-json\/wp\/v2\/pages\/415","targetHints":{"allow":["GET"]}}],"collection":[{"href":"https:\/\/alteridees.be\/index.php\/wp-json\/wp\/v2\/pages"}],"about":[{"href":"https:\/\/alteridees.be\/index.php\/wp-json\/wp\/v2\/types\/page"}],"author":[{"embeddable":true,"href":"https:\/\/alteridees.be\/index.php\/wp-json\/wp\/v2\/users\/1"}],"replies":[{"embeddable":true,"href":"https:\/\/alteridees.be\/index.php\/wp-json\/wp\/v2\/comments?post=415"}],"version-history":[{"count":4,"href":"https:\/\/alteridees.be\/index.php\/wp-json\/wp\/v2\/pages\/415\/revisions"}],"predecessor-version":[{"id":460,"href":"https:\/\/alteridees.be\/index.php\/wp-json\/wp\/v2\/pages\/415\/revisions\/460"}],"wp:attachment":[{"href":"https:\/\/alteridees.be\/index.php\/wp-json\/wp\/v2\/media?parent=415"}],"curies":[{"name":"wp","href":"https:\/\/api.w.org\/{rel}","templated":true}]}}